the ten millions digit of 238702339?
3
What is the tens digit of 73282577?
7
What is the hundred thousands digit of 54393914?
3
What is the hundred millions digit of 124453869?
1
What is the thousands digit of 76866692?
6
What is the ten thousands digit of 34593332?
9
What is the millions digit of 110627188?
0
What is the hundred thousands digit of 88226294?
2
What is the ten thousands digit of 136661071?
6
What is the hundreds digit of 82295924?
9
What is the hundred millions digit of 263134226?
2
What is the ten thousands digit of 8011470735?
7
What is the ten millions digit of 570479533?
7
What is the thousands digit of 86687449?
7
What is the ten thousands digit of 175174088?
7
What is the billions digit of 2303165555?
2
What is the thousands digit of 171420702?
0
What is the millions digit of 7793928461?
3
What is the hundreds digit of 5434214404?
4
What is the hundred thousands digit of 320137800?
1
What is the millions digit of 4971263730?
1
What is the hundreds digit of 70186136?
1
What is the units digit of 3087603958?
8
What is the ten millions digit of 15821080?
1
What is the thousands digit of 30887183?
7
What is the millions digit of 1560967422?
0
What is the hundred thousands digit of 19594069?
5
What is the hundred thousands digit of 796314786?
3
What is the ten millions digit of 33436690?
3
What is the ten millions digit of 116182282?
1
What is the hundred millions digit of 325210904?
3
What is the hundred thousands digit of 1367472372?
4
What is the millions digit of 122802506?
2
What is the ten thousands digit of 4458173?
5
What is the hundreds digit of 252312713?
7
What is the ten thousands digit of 5775767691?
6
What is the units digit of 502896015?
5
What is the hundred thousands digit of 7408376?
4
What is the millions digit of 77101720?
7
What is the millions digit of 2181171075?
1
What is the thousands digit of 57299116?
9
What is the tens digit of 120407627?
2
What is the ten millions digit of 2543316283?
4
What is the thousands digit of 1317947665?
7
What is the ten millions digit of 42857430?
4
What is the units digit of 46022713?
3
What is the thousands digit of 127942374?
2
What is the tens digit of 180206905?
0
What is the units digit of 50193564?
4
What is the units digit of 133572042?
2
What is the hundred thousands digit of 37862326?
8
What is the tens digit of 228716747?
4
What is the units digit of 154615598?
8
What is the tens digit of 902959755?
5
What is the ten millions digit of 816432846?
1
What is the tens digit of 1938173895?
9
What is the thousands digit of 832974605?
4
What is the thousands digit of 16281654?
1
What is the thousands digit of 420165327?
5
What is the hundred millions digit of 140459785?
1
What is the hundreds digit of 16894185?
1
What is the units digit of 29280529?
9
What is the tens digit of 753403329?
2
What is the units digit of 61617319?
9
What is the millions digit of 137257854?
7
What is the ten millions digit of 546369144?
4
What is the ten thousands digit of 4654759?
5
What is the hundreds digit of 3987698123?
1
What is the thousands digit of 258287594?
7
What is the units digit of 89067728?
8
What is the hundred thousands digit of 65885954?
8
What is the ten thousands digit of 37529083?
2
What is the billions digit of 1058376278?
1
What is the hundreds digit of 1499262852?
8
What is the ten thousands digit of 946226052?
2
What is the millions digit of 2375926641?
5
What is the hundred millions digit of 511805326?
5
What is the thousands digit of 50387905?
7
What is the hundreds digit of 3871356807?
8
What is the hundreds digit of 146718567?
5
What is the units digit of 67463360?
0
What is the hundreds digit of 61458080?
0
What is the hundred millions digit of 2051052243?
0
What is the thousands digit of 5811313?
1
What is the hundred millions digit of 2953243431?
9
What is the hundreds digit of 269896467?
4
What is the hundred thousands digit of 4145664861?
6
What is the hundreds digit of 118819703?
7
What is the billions digit of 1872734390?
1
What is the hundreds digit of 403764?
7
What is the hundred thousands digit of 146940056?
9
What is the ten thousands digit of 52431634?
3
What is the ten millions digit of 13854761?
1
What is the ten millions digit of 2593755753?
9
What is the units digit of 1225543833?
3
What is the tens digit of 56490580?
8
What is the tens digit of 1849110005?
0
What is the hundred millions digit of 129901431?
1
What is the hundreds digit of 8685145?
1
What is the ten thousands digit of 257579761?
7
What is the thousands digit of 2920130081?
0
What is the billions digit of 1628289982?
1
What is the millions digit of 8351873666?
1
What is the millions digit of 526078066?
6
What is the hundreds digit of 1777625870?
8
What is the hundred millions digit of 278929173?
2
What is the hundred thousands digit of 1867250?
8
What is the millions digit of 97075817?
7
What is the ten millions digit of 331005237?
3
What is the hundreds digit of 20672473?
4
What is the ten thousands digit of 32002196?
0
What is the hundreds digit of 2828396482?
4
What is the tens digit of 80347322?
2
What is the ten millions digit of 663624116?
6
What is the hundred millions digit of 255568615?
2
What is the ten thousands digit of 366047555?
4
What is the thousands digit of 538554492?
4
What is the thousands digit of 3486464753?
4
What is the ten thousands digit of 463470250?
7
What is the ten millions digit of 139696491?
3
What is the ten thousands digit of 1218951302?
5
What is the hundred thousands digit of 2963575225?
5
What is the hundred thousands digit of 7533236176?
2
What is the units digit of 232906810?
0
What is the billions digit of 6951066609?
6
What is the hundred thousands digit of 74715438?
7
What is the ten millions digit of 148386448?
4
What is the tens digit of 1038754775?
7
What is the units digit of 2684679901?
1
What is the units digit of 1467631?
1
What is the units digit of 149641022?
2
What is the hundred millions digit of 108607516?
1
What is the units digit of 592812560?
0
What is the hundreds digit of 45268110?
1
What is the thousands digit of 208584226?
4
What is the ten millions digit of 71132600?
7
What is the thousands digit of 8338115333?
5
What is the ten thousands digit of 1377173341?
7
What is the hundreds digit of 586997747?
7
What is the ten millions digit of 1000095705?
0
What is the units digit of 527049817?
7
What is the millions digit of 725508837?
5
What is the tens digit of 441322647?
4
What is the thousands digit of 652684726?
4
What is the hundred thousands digit of 15561485?
5
What is the hundred millions digit of 2351810106?
3
What is the thousands digit of 834778090?
8
What is the millions digit of 13110883?
3
What is the thousands digit of 108076586?
6
What is the ten thousands digit of 1916747365?
4
What is the tens digit of 1140070722?
2
What is the tens digit of 69644084?
8
What is the ten millions digit of 2088769662?
8
What is the units digit of 78678024?
4
What is the tens digit of 80481117?
1
What is the millions digit of 429853968?
9
What is the hundreds digit of 3736903680?
6
What is the thousands digit of 118259698?
9
What is the ten millions digit of 38329802?
3
What is the millions digit of 28891513?
8
What is the tens digit of 41491203?
0
What is the millions digit of 1032654742?
2
What is the tens digit of 687052967?
6
What is the hundred thousands digit of 2802761839?
7
What is the hundred thousands digit of 125934920?
9
What is the tens digit of 1068944176?
7
What is the millions digit of 96094243?
6
What is the millions digit of 1840775448?
0
What is the hundred millions digit of 1012524497?
0
What is the ten thousands digit of 33157743?
5
What is the hundreds digit of 894868440?
4
What is the hundred thousands digit of 35255856?
2
What is the hundreds digit of 198147288?
2
What is the hundred millions digit of 535458032?
5
What is the tens digit of 248871402?
0
What is the units digit of 3283115267?
7
What is the millions digit of 598164096?
8
What is the tens digit of 56938885?
8
What is the millions digit of 1274977366?
4
What is the hundreds digit of 451862224?
2
What is the millions digit of 28610577?
8
What is the ten millions digit of 47007156?
4
What is the hundred millions digit of 5503805722?
5
Wha